 6*q - 4*q - 5*d - 316 = 0. Let l = -113 + q. What are the prime factors of l?
2, 5
Let a be 174/24 - 1 - (-1)/(-4). Suppose -a*h + 2*h + 128 = 0. What are the prime factors of h?
2
Let c = -521 - -1025. Suppose -l + 54 - c = -2*y, 3*l = -2*y + 442. List the prime factors of y.
2, 7
Let w be 7 + -2 + -3 + 1. Suppose -w*n + 2*r - 14 = -6*n, -3 = -3*r. Suppose n*v = 3*v + 12. What are the prime factors of v?
2, 3
Let m = 132 + 1824. List the prime factors of m.
2, 3, 163
Let j(g) = -22*g**2 + 25. Let z be j(5). What are the prime factors of (4/5)/((-5)/(z/14))?
2, 3
Let r = 152 - -7. Suppose 0*v = 4*x + 4*v - 212, -3*x = 2*v - r. List the prime factors of x.
53
Let i = 360 - 205. List the prime factors of i.
5, 31
Suppose 5*x = 3*q + 105, 2*x + q - 3*q - 46 = 0. Suppose -4*r + x = -10. Let s(c) = c**3 - 6*c**2 - 4*c - 3. List the prime factors of s(r).
2, 3
Suppose -7*z = 2*z - 2*z. Suppose 2*o + 5*i - 63 = z, -4*o + 131 = 3*i + 2*i. What are the prime factors of o?
2, 17
Let a(i) be the second derivative of -5*i**3/3 + 2*i**2 - 11*i. List the prime factors of a(-5).
2, 3
Suppose 3*c = -5*x + 21942 - 3628, -30486 = -5*c + x. What are the prime factors of c?
2, 3049
Let z = 33 + 3. Suppose -z = -n - 4*b, 4*b - 16 = 8*b. List the prime factors of n.
2, 13
Let z(c) = c**3 - c**2 - 11*c - 10. Let l be z(10). Let n be (-1)/(-4) - l/(-16). Let g = n - 31. List the prime factors of g.
2, 3
Let i = 485 + 476. What are the prime factors of i?
31
Let b = 669 + -225. List the prime factors of b.
2, 3, 37
Let n(d) = -6*d**3 - 3*d**2 + 2*d - 7. Let c(z) = -7*z**3 - 4*z**2 + z - 7. Let b(m) = 5*c(m) - 6*n(m). What are the prime factors of b(6)?
109
List the prime factors of (5/(40/4))/(6/20232).
2, 3, 281
Suppose 6*a - 2*a - 1588 = -4*k, -1988 = -5*a - 4*k. List the prime factors of a.
2, 5
Suppose 5*r - 117 = -32. Suppose -2*a = -a - 3. Suppose 62 = a*t + r. What are the prime factors of t?
3, 5
Let b(g) = 11*g**2 - 10*g - 5. What are the prime factors of b(-11)?
2, 359
Let v = -1056 + 1763. List the prime factors of v.
7, 101
Let l(p) = p**3 - 21*p**2 + 22*p - 38. List the prime factors of l(22).
2, 3, 5, 31
Let d = 3 + 7. Suppose -1 = -m + l - 5, m = -2*l - d. What are the prime factors of 200/14 + m/21?
2, 7
Let f(h) = 9*h + 42. Suppose 9*g = 5*g + 20. What are the prime factors of f(g)?
3, 29
Let x be 14 - 7 - (2 + -2). Let q(s) = x*s - s + 2 + 4*s**2 + 0*s. List the prime factors of q(-4).
2, 3, 7
Suppose 0 = -5*h + 4*h - 253. Let t = -164 - h. What are the prime factors of t?
89
Suppose 3*j - 25 - 62 = 0. Let n = j + -16. What are the prime factors of n?
13
Let w = 553 + -173. What are the prime factors of w?
2, 5, 19
Let v be ((-5 - -3) + 2)*1. Suppose 5*o + 99 = 4*s + 31, v = 4*o - 3*s + 54. What are the prime factors of (-52)/o + (-4)/(-6)?
5
Suppose 4*l = 10*l. Suppose l = v + 3*v - 140. What are the prime factors of v?
5, 7
Let z(x) = -8*x - 8. Let f be z(-7). Let t = 201 - f. What are the prime factors of t?
3, 17
Suppose 4676 + 7724 = 16*u. What are the prime factors of u?
5, 31
Let k(h) = 2*h + 6. Let a(u) = -2*u - 7. Let s(p) = -4*a(p) - 5*k(p). Let y be s(-3). Suppose -b + y + 3 = 0. List the prime factors of b.
7
Let a = 14 + 4. List the prime factors of (-2 + 3 + 0)*a.
2, 3
Let q(l) = 1129*l**2 + 2*l + 1. List the prime factors of q(-1).
2, 3, 47
Suppose 0 = -13*k + 81 + 1895. What are the prime factors of k?
2, 19
Suppose 4*k = -3*p + 2373, -253*k + 2403 = -249*k - 3*p. What are the prime factors of k?
3, 199
Let u(l) = -10*l + 7. Suppose -5 = -t, -3*z - 2*t + 61 = 3*t. Suppose 3*h = -h - z. List the prime factors of u(h).
37
What are the prime factors of (7 + -99)*(-3)/(36/177)?
23, 59
Let d(y) = -y**3 + 9*y**2 - 5*y - 8. Let b be d(8). Let f = b - 7. Suppose -62 = f*a - 11*a. What are the prime factors of a?
31
Let b = -23 - -29. Suppose 0 = b*g - 9*g + 48. What are the prime factors of g?
2
Let d(o) be the third derivative of -3*o**4/8 + 7*o**3/3 + 34*o**2. List the prime factors of d(-7).
7, 11
List the prime factors of (-48)/(-72) + (-4838)/(-6).
3, 269
Suppose -3*c + 4*y + 954 = 0, -954 = -3*c - 3*y - 2*y. Let f(l) = l**2 + 2*l - 1. Let v be f(2). Suppose -o + v*o - c = 0. List the prime factors of o.
53
Let z = 38 + -37. Let w = 18 + z. What are the prime factors of w?
19
Suppose -5*p + 1892 = 5*n - 4503, -4*p = 2*n - 5108. What are the prime factors of p?
3, 5, 17
Let x(f) = -f - 6. Let p be x(-8). Let m be (9/6 + 1)*p. Suppose -71 = -m*k + 64. What are the prime factors of k?
3
Suppose 3*k = 12, 2*k + 8343 - 2596 = 5*x. List the prime factors of x.
1151
List the prime factors of 1857 + (-6)/(-8) + (-17)/(-4).
2, 7, 19
Let k = -106 - -114. Suppose 160 = k*i - 7*i. List the prime factors of i.
2, 5
Let k(t) = -3*t - 55. Let u be k(-18). What are the prime factors of (-1 + u)/(3/(-309) + 0)?
2, 103
Suppose -15*c + 42 = -9*c. Let x(f) be the second derivative of -f**4/12 + 5*f**3/3 + 6*f**2 - f. What are the prime factors of x(c)?
3, 11
Suppose -1093 - 2498 = -9*t. What are the prime factors of t?
3, 7, 19
Let q = -17 - -19. Suppose n + l = 33 + 2, -128 = -4*n + q*l. Let a = n + 0. What are the prime factors of a?
3, 11
Let l(w) = -w**3 - 4*w**2 + 5*w + 6. Let c be l(-5). Let q be (-2)/c*(-5 + 5). Suppose 4*f + y - 75 = q, -100 = -3*f - f + 4*y. List the prime factors of f.
2, 5
Suppose 0 = -u + 602 + 2478. What are the prime factors of u?
2, 5, 7, 11
Let w be (-109)/4 - (-13)/52. Let j = 40 + w. List the prime factors of j.
13
Suppose 13 = 12*o - 59. What are the prime factors of 120*(48/10)/o?
2, 3
Let i = -54 + 52. Suppose 0*z = -4*z + 408. What are the prime factors of z/9 + i/(-3)?
2, 3
Suppose -d - q + 93 - 17 = 0, -5*d + 5*q + 420 = 0. Let y = 189 - d. What are the prime factors of y?
109
Suppose 5*g - 65 = 30. Suppose 14*t = g*t. Suppose 3*h = -t*h + 117. What are the prime factors of h?
3, 13
Suppose 4*x - 6*x = z - 131, 4*z + 70 = x. What are the prime factors of x?
2, 3, 11
Suppose -5*q + 2*i + 15 = 0, -5*q + 21 + 14 = 2*i. Suppose -n + 15 = 4*b - 4*n, n = -q*b + 14. What are the prime factors of b?
3
Suppose 7*d - 12 = 2. Suppose 2*x - 146 = 5*t, 66 = -d*t - 5*x + 2*x. Let i = t - -32. What are the prime factors of i?
2
Let s = -814 - -1524. List the prime factors of s.
2, 5, 71
Suppose 5*u = 3*z, -3*u + 4*u + z = 8. Suppose u*x + 7 = -2. Let h = x + 33. List the prime factors of h.
2, 3, 5
Suppose -52*g + 9211 = -22041. What are the prime factors of g?
601
Let p = -18 - -21. Suppose p*x = 7*x - 112. List the prime factors of x.
2, 7
Let q be (-9)/(-12) - (-30)/(-40). What are the prime factors of (q - 3 - -2)*-70?
2, 5, 7
Let s = -3 - -8. Suppose -q + 1 = -o, 4*q - s = -o - 16. List the prime factors of o + 32*(-2 + 3).
29
Suppose -48 = 2*t - 6*t. Let v = 48 - 29. Let k = t + v. List the prime factors of k.
31
Let a(i) = -i + 13. Let c(p) = 10*p**3. Let k be c(1). Let z be a(k). Suppose 0*s = -5*j - 2*s + 113, j - 33 = -z*s. List the prime factors of j.
3, 7
Let u be 29/9 - 6/27. Suppose -3*a = -t, 4*a + u*t = 3*a. Suppose -v + a*v + 25 = 0. List the prime factors of v.
5
Suppose -12*c - 4026 = -18*c. Suppose 4*d + 4*w = 524, d - c = -4*d + 3*w. List the prime factors of d.
7, 19
Let g be 53 + (5 - 4)/((-1)/3). Suppose -8*s + g = -1894. What are the prime factors of s?
3
Let h(u) = 2*u - 11. Let c be h(8). Suppose -c*q + 18 = 8. Suppose -q*t + 3*t - 23 = 0. What are the prime factors of t?
23
Let v(i) = -i**2 + 3*i + 8. Let m be v(5). What are the prime factors of (42 + m)*5/5?
2, 5
Suppose -2*q + 2 = h + 13, 0 = 3*q - h + 24. Suppose -6 = -5*s + 24. Let a = s - q. What are the prime factors of a?
13
Let t be 9/(-12) + (-1)/4. Let n be (-1)/t*(-6)/(-3). Suppose -3*x + 114 = -3*r + 4*r, -38 = -x - n*r. What are the prime factors of x?
2, 19
Suppose -6*w - 12 = -12. Suppose 0 = -w*q - 9*q + 648. What are the prime factors of q?
2, 3
What are the prime factors of (-12 + (8 - 209))*6/(-2)?
3, 71
Let m = 2009 - -280. List the prime factors of m.
3, 7, 109
Suppose 2*g - 2*x = -x + 865, 0 = -3*x - 15. List the prime factors of (2 - (-40)/(-22)) + g/55.
2
Let g be 5 + 5/(20/(-276)). Let n = g + 298. List the prime factors of n.
2, 3, 13
Suppose 0*q + 18 = -5*q - 2*f, -5*f = -2*q + 16. Let k be ((0 - -2)*1)/q. What are the pr